 is -3434 - 45?
-3501
In base 4, what is 110 + -1220302?
-1220132
In base 2, what is 1001 - 1101110000100?
-1101101111011
In base 13, what is a1 + -a03?
-932
In base 8, what is -11565 + 21?
-11544
In base 2, what is -10001110110110011 + 1000?
-10001110110101011
In base 9, what is 3 + -24257?
-24254
In base 4, what is 11123321000 - 1?
11123320333
In base 11, what is -3841 - 2?
-3843
In base 13, what is -35b - 7?
-365
In base 3, what is 201101100 + 12?
201101112
In base 6, what is -4 - -11300534?
11300530
In base 10, what is 3 + -394447?
-394444
In base 13, what is -c - -55c?
550
In base 7, what is -624 + -14426?
-15353
In base 7, what is 66 + 140552?
140651
In base 2, what is -1010011000011 + 1?
-1010011000010
In base 4, what is -13332230 + 10?
-13332220
In base 6, what is -2 + 53120?
53114
In base 7, what is -4 + -54516?
-54523
In base 16, what is -1e0 - 762?
-942
In base 4, what is 1311320 - -1?
1311321
In base 16, what is 17384f + 3?
173852
In base 6, what is 122 + -22141?
-22015
In base 2, what is 100 - 11011101010?
-11011100110
In base 5, what is -4 - 234103?
-234112
In base 16, what is 2 + -b2e2?
-b2e0
In base 12, what is 935 - -1?
936
In base 3, what is 10200011212 - 1?
10200011211
In base 7, what is 42611 + 3?
42614
In base 14, what is -1 - -b9d?
b9c
In base 6, what is 120305 - 11?
120254
In base 6, what is 1 - -333221?
333222
In base 6, what is -143525 + 12?
-143513
In base 2, what is 110100 + 100111100?
101110000
In base 16, what is a + 15d5c?
15d66
In base 11, what is -8709 + -80?
-8789
In base 7, what is 5 + 533555?
533563
In base 9, what is 102884 + 3?
102887
In base 16, what is -b8d3 - -1?
-b8d2
In base 9, what is 8127 - 0?
8127
In base 11, what is 164 + 2171?
2325
In base 11, what is -103042 - 0?
-103042
In base 12, what is -2a50a06 + 4?
-2a50a02
In base 15, what is -e1a + 5?
-e15
In base 13, what is -28 + 735a?
7332
In base 14, what is -8 + -a67?
-a71
In base 13, what is 27889 + -3?
27886
In base 16, what is 655 + -3b?
61a
In base 3, what is -101 - -11210111?
11210010
In base 7, what is -5 + -203641?
-203646
In base 7, what is 44450 - 53?
44364
In base 5, what is -2121 - -124?
-1442
In base 14, what is 1ad8 + -1d?
1ab9
In base 5, what is 4343 + -42130?
-32232
In base 4, what is -1100 - -3122?
2022
In base 7, what is -14422043 - -1?
-14422042
In base 2, what is -1011 + -111101000001111100?
-111101000010000111
In base 3, what is -12 - -11201121?
11201102
In base 10, what is -46386 - -3?
-46383
In base 8, what is 110052 + 2?
110054
In base 3, what is -21 + 11210101?
11210010
In base 6, what is 3041230 - 13?
3041213
In base 9, what is -2 - 42051?
-42053
In base 5, what is -30343 - -3122?
-22221
In base 13, what is 76 + 7a?
123
In base 13, what is -6 + 1b9c52?
1b9c49
In base 9, what is 2103744 + -5?
2103738
In base 11, what is 46112 - 3?
4610a
In base 11, what is -5 - 50?
-55
In base 14, what is 8b34 - -45?
8b79
In base 2, what is -11 - 11110111111011?
-11110111111110
In base 11, what is 326 - -344?
66a
In base 10, what is 2 - 35292?
-35290
In base 12, what is 4 - 2a71?
-2a69
In base 6, what is -13005 - 3?
-13012
In base 3, what is 1221 + -1000021102?
-1000012111
In base 8, what is -16310016 + 2?
-16310014
In base 11, what is -83 - -1127?
1054
In base 12, what is 4 + 14969?
14971
In base 8, what is -2 - -21057?
21055
In base 5, what is 120421032 - 0?
120421032
In base 14, what is -d7 - 1262?
-1359
In base 14, what is -29c - 61?
-31d
In base 13, what is 1c0c + 32?
1c41
In base 12, what is -63 + 840?
799
In base 16, what is -1c + 3b84?
3b68
In base 8, what is 5662 - 112?
5550
In base 10, what is 2472 + -763?
1709
In base 12, what is b94 - 18a?
a06
In base 5, what is -114203344 - -3?
-114203341
In base 3, what is -2210 + -12212100?
-12222010
In base 5, what is 1310 - 112400?
-111040
In base 8, what is 1035661 + 16?
1035677
In base 2, what is 1100001101101 + -101?
1100001101000
In base 3, what is -221 + 110020010?
110012012
In base 8, what is -1 - -25567?
25566
In base 7, what is 5110231 + -4?
5110224
In base 3, what is 11010 - 111202112?
-111121102
In base 14, what is 128 - -1345?
146d
In base 3, what is 110 - 1202201?
-1202021
In base 9, what is -324 + 180?
-134
In base 13, what is -10 - 3a46b?
-3a47b
In base 12, what is -5 - -26aa?
26a5
In base 8, what is -13351 + -5?
-13356
In base 6, what is 20230501 - -3?
20230504
In base 3, what is 2121000 + -1021?
2112202
In base 15, what is -23 - 377a?
-379d
In base 5, what is -11 + -30213?
-30224
In base 13, what is -1 + 1ba?
1b9
In base 3, what is 100012112201 + 11?
100012112212
In base 3, what is -112 - -12102010?
12101121
In base 2, what is -100110011 + 100100010?
-10001
In base 2, what is -101111001 - 1110111010?
-10100110011
In base 6, what is 43 + 204045?
204132
In base 3, what is -11222 + 21022100?
21010101
In base 4, what is 1012030 - 2013?
1010011
In base 13, what is 2 - 1b91a?
-1b918
In base 12, what is -334 + 294?
-60
In base 14, what is 140 - -2?
142
In base 14, what is 9 + -5754d?
-57544
In base 2, what is 11001101111010 - 0?
11001101111010
In base 4, what is -3 - 1102323121?
-1102323130
In base 15, what is 1eb8b - -4?
1eb90
In base 13, what is 47 + 99c?
a16
In base 8, what is -221 + 72?
-127
In base 3, what is 111011200 - 10220?
111000210
In base 15, what is 3de9c - -b?
3dea8
In base 11, what is -114a45 - -15?
-114a30
In base 3, what is 0 - -10000012200001?
10000012200001
In base 13, what is 730 - 26?
707
In base 5, what is -10 - -1200?
1140
In base 12, what is -4 + 439a76?
439a72
In base 15, what is 30a + -51?
2a9
In base 13, what is -538c8 + -4?
-538cc
In base 3, what is -122001 - 100210?
-222211
In base 8, what is -2666443 + 1?
-2666442
In base 13, what is -504ba + 14?
-504a6
In base 15, what is -1a8b + -4?
-1a90
In base 11, what is 5a02 + 57?
5a59
In base 11, what is 38a - -148?
527
In base 9, what is 18 - -42467?
42486
In base 14, what is 174 - -133c?
14b2
In base 3, what is -2021110112 - -120?
-2021102222
In base 6, what is -5 - -1223502?
1223453
In base 6, what is 405115 + -52?
405023
In base 15, what is 3 - 2dbe?
-2dbb
In base 8, what is 12335 + -61?
12254
In base 12, what is 215 - 18?
1b9
In base 12, what is -119477 + 1?
-119476
In base 13, what is -3 - 7539b?
-753a1
In base 2, what is 10111101010 - 1010001?
10110011001
In base 14, what is -6b40 + 11?
-6b2d
In base 6, what is 104013 - 2?
104011
In base 10, what is -1 - 11327?
-11328
In base 3, what is -21 - -1210202120210?
1210202120112
In base 11, what is 288632 + -2?
288630
In base 5, what is -100303 - 32?
-100340
In base 13, what is 20508 - 19?
204bc
In base 13, what is -2 + 3bb68?
3bb66
In base 6, what is 33 + 13233?
13310
In base 2, what is 111000100 + 10111010?
1001111110
In base 16, what is a25f + -2f?
a230
In base 9, what is 7 + -134042?
-134034
In base 10, what is 1 - 560058?
-560057
In base 6, what is -22420053 - -11?
-22420042
In base 4, what is 2 - 113011213?
-113011211
In base 7, what is 14 + -644?
-630
In base 16, what is -360f + 1?
-360e
In base 6, what is -4 - 1354133?
-1354141
In base 16, what is 6e - -2e3?
351
In base 9, what is 6 + 3086?
3103
In base 3, what is 22101 + 101220211?
102020012
In base 9, what is -3 - 858446?
-858450
In base 14, what is -5 + -79461?
-79466
In base 6, what is 1311533 + 0?
1311533
In base 12, what is -3 + -39226?
-39229
In base 5, what is 2 + 400343?
400400
In base 13, what is -57059 - -1?
-57058
In base 3, what is -11 + -10111112001?
-10111112012
In base 11, what is -1 + -27237?
-27238
In base 7, what is 131364 - -3?
131400
In base 12, what is -32 - -1b29?
1ab7
In base 5, what is 33101414 + 4?
33101423
In base 13, what is 1 + 4bbc?
4bc0
In base 2, what is 100100000110100 - 10010?
100100000100010
In base 15, what is 17 - 231b?
-2304
In base 7, what is -21 + 122363?
122342
In base 11, what is 16 + 713?
729
In base 2, what is -11 - 1001111100010011?
-1001111100010110
In base 7, what is 5 + 115656?
115664
In base 7, what is 16226 - 2?
16224
In base 5, what is -10122 + 0?
-10122
In base 9, what is 185800 + 3?
185803
In base 2, what is -11111011111 + 1001?
-11111010110
In base 8, what is -62144 + -2?
-62146
In base 9, what is 2 + 457851?
457853
In base 9, what is -62880 - -7?
-62872
In base 9, what is -30 - -82555?
82525
In base 4, what is -10 + -13123120?
-13123130
In base 5,